{"id":1374,"date":"2021-11-21T15:14:19","date_gmt":"2021-11-21T14:14:19","guid":{"rendered":"https:\/\/kdot.dk\/bjerrevej\/index.php\/about\/"},"modified":"2022-08-01T20:36:12","modified_gmt":"2022-08-01T18:36:12","slug":"omskovhuset","status":"publish","type":"page","link":"https:\/\/bjerrevej100.dk\/index.php\/omskovhuset\/","title":{"rendered":"Om Skovhuset"},"content":{"rendered":"\t\t<div data-elementor-type=\"wp-page\" data-elementor-id=\"1374\" class=\"elementor elementor-1374\">\n\t\t\t\t\t\t<section class=\"elementor-section elementor-top-section elementor-element elementor-element-c8ddeb6 elementor-section-height-min-height elementor-section-boxed elementor-section-height-default elementor-section-items-middle\" data-id=\"c8ddeb6\" data-element_type=\"section\" data-e-type=\"section\" data-settings=\"{&quot;background_background&quot;:&quot;classic&quot;}\">\n\t\t\t\t\t\t\t<div class=\"elementor-background-overlay\"><\/div>\n\t\t\t\t\t\t\t<div class=\"elementor-container elementor-column-gap-default\">\n\t\t\t\t\t<div class=\"elementor-column elementor-col-100 elementor-top-column elementor-element elementor-element-6a5337e\" data-id=\"6a5337e\" data-element_type=\"column\" data-e-type=\"column\">\n\t\t\t<div class=\"elementor-widget-wrap elementor-element-populated\">\n\t\t\t\t\t\t<div class=\"elementor-element elementor-element-feefb6c elementor-widget elementor-widget-heading\" data-id=\"feefb6c\" data-element_type=\"widget\" data-e-type=\"widget\" data-widget_type=\"heading.default\">\n\t\t\t\t<div class=\"elementor-widget-container\">\n\t\t\t\t\t<h1 class=\"elementor-heading-title elementor-size-default\">HVAD ER SKOVHUSET?<\/h1>\t\t\t\t<\/div>\n\t\t\t\t<\/div>\n\t\t\t\t\t<\/div>\n\t\t<\/div>\n\t\t\t\t\t<\/div>\n\t\t<\/section>\n\t\t\t\t<section class=\"elementor-section elementor-top-section elementor-element elementor-element-36de858 elementor-section-boxed elementor-section-height-default elementor-section-height-default\" data-id=\"36de858\" data-element_type=\"section\" data-e-type=\"section\">\n\t\t\t\t\t\t<div class=\"elementor-container elementor-column-gap-default\">\n\t\t\t\t\t<div class=\"elementor-column elementor-col-100 elementor-top-column elementor-element elementor-element-53cf3e6\" data-id=\"53cf3e6\" data-element_type=\"column\" data-e-type=\"column\">\n\t\t\t<div class=\"elementor-widget-wrap elementor-element-populated\">\n\t\t\t\t\t\t<div class=\"elementor-element elementor-element-9b4a77e elementor-widget elementor-widget-spacer\" data-id=\"9b4a77e\" data-element_type=\"widget\" data-e-type=\"widget\" data-widget_type=\"spacer.default\">\n\t\t\t\t<div class=\"elementor-widget-container\">\n\t\t\t\t\t\t\t<div class=\"elementor-spacer\">\n\t\t\t<div class=\"elementor-spacer-inner\"><\/div>\n\t\t<\/div>\n\t\t\t\t\t\t<\/div>\n\t\t\t\t<\/div>\n\t\t\t\t\t<\/div>\n\t\t<\/div>\n\t\t\t\t\t<\/div>\n\t\t<\/section>\n\t\t\t\t<section class=\"elementor-section elementor-top-section elementor-element elementor-element-a9e6228 elementor-section-boxed elementor-section-height-default elementor-section-height-default\" data-id=\"a9e6228\" data-element_type=\"section\" data-e-type=\"section\">\n\t\t\t\t\t\t<div class=\"elementor-container elementor-column-gap-default\">\n\t\t\t\t\t<div class=\"elementor-column elementor-col-50 elementor-top-column elementor-element elementor-element-f1fdb75\" data-id=\"f1fdb75\" data-element_type=\"column\" data-e-type=\"column\">\n\t\t\t<div class=\"elementor-widget-wrap elementor-element-populated\">\n\t\t\t\t\t\t<div class=\"elementor-element elementor-element-2f5b320 elementor-widget elementor-widget-heading\" data-id=\"2f5b320\" data-element_type=\"widget\" data-e-type=\"widget\" data-widget_type=\"heading.default\">\n\t\t\t\t<div class=\"elementor-widget-container\">\n\t\t\t\t\t<h2 class=\"elementor-heading-title elementor-size-default\">ET F\u00c6LLESSKAB<\/h2>\t\t\t\t<\/div>\n\t\t\t\t<\/div>\n\t\t\t\t<div class=\"elementor-element elementor-element-30906d0 elementor-widget elementor-widget-text-editor\" data-id=\"30906d0\" data-element_type=\"widget\" data-e-type=\"widget\" data-widget_type=\"text-editor.default\">\n\t\t\t\t<div class=\"elementor-widget-container\">\n\t\t\t\t\t\t\t\t\t<p>Skovhuset henvender sig til alle, som elsker naturen og udelivet. Der er f\u00e5 steder i Danmark, hvor det er muligt at sove i f.eks. tagtelt, telte, h\u00e6ngek\u00f8je mellem tr\u00e6erne, derfor h\u00e5ber vi at kunne lave et f\u00e6llesskab omkring Skovhuset. Vi h\u00e5ber at alle vores g\u00e6ster vil respektere naturen og omr\u00e5derne, samt hj\u00e6lpe os med at passe p\u00e5 Skovhuset.<\/p>\t\t\t\t\t\t\t\t<\/div>\n\t\t\t\t<\/div>\n\t\t\t\t\t<\/div>\n\t\t<\/div>\n\t\t\t\t<div class=\"elementor-column elementor-col-50 elementor-top-column elementor-element elementor-element-a31cebf\" data-id=\"a31cebf\" data-element_type=\"column\" data-e-type=\"column\">\n\t\t\t<div class=\"elementor-widget-wrap elementor-element-populated\">\n\t\t\t\t\t\t<div class=\"elementor-element elementor-element-cdef680 elementor-widget elementor-widget-image\" data-id=\"cdef680\" data-element_type=\"widget\" data-e-type=\"widget\" data-widget_type=\"image.default\">\n\t\t\t\t<div class=\"elementor-widget-container\">\n\t\t\t\t\t\t\t\t\t\t\t\t\t\t\t<img fetchpriority=\"high\" decoding=\"async\" width=\"960\" height=\"720\" src=\"https:\/\/bjerrevej100.dk\/wp-content\/uploads\/2022\/05\/Skovhuset2.jpg\" class=\"attachment-large size-large wp-image-1338\" alt=\"\" srcset=\"https:\/\/bjerrevej100.dk\/wp-content\/uploads\/2022\/05\/Skovhuset2.jpg 960w, https:\/\/bjerrevej100.dk\/wp-content\/uploads\/2022\/05\/Skovhuset2-300x225.jpg 300w, https:\/\/bjerrevej100.dk\/wp-content\/uploads\/2022\/05\/Skovhuset2-768x576.jpg 768w\" sizes=\"(max-width: 960px) 100vw, 960px\" \/>\t\t\t\t\t\t\t\t\t\t\t\t\t\t\t<\/div>\n\t\t\t\t<\/div>\n\t\t\t\t\t<\/div>\n\t\t<\/div>\n\t\t\t\t\t<\/div>\n\t\t<\/section>\n\t\t\t\t<section class=\"elementor-section elementor-top-section elementor-element elementor-element-1dc0b1e elementor-section-boxed elementor-section-height-default elementor-section-height-default\" data-id=\"1dc0b1e\" data-element_type=\"section\" data-e-type=\"section\">\n\t\t\t\t\t\t<div class=\"elementor-container elementor-column-gap-default\">\n\t\t\t\t\t<div class=\"elementor-column elementor-col-100 elementor-top-column elementor-element elementor-element-b14e882\" data-id=\"b14e882\" data-element_type=\"column\" data-e-type=\"column\">\n\t\t\t<div class=\"elementor-widget-wrap elementor-element-populated\">\n\t\t\t\t\t\t<div class=\"elementor-element elementor-element-da51cce elementor-widget-divider--view-line elementor-widget elementor-widget-divider\" data-id=\"da51cce\" data-element_type=\"widget\" data-e-type=\"widget\" data-widget_type=\"divider.default\">\n\t\t\t\t<div class=\"elementor-widget-container\">\n\t\t\t\t\t\t\t<div class=\"elementor-divider\">\n\t\t\t<span class=\"elementor-divider-separator\">\n\t\t\t\t\t\t<\/span>\n\t\t<\/div>\n\t\t\t\t\t\t<\/div>\n\t\t\t\t<\/div>\n\t\t\t\t\t<\/div>\n\t\t<\/div>\n\t\t\t\t\t<\/div>\n\t\t<\/section>\n\t\t\t\t<section class=\"elementor-section elementor-top-section elementor-element elementor-element-25996d9 elementor-section-boxed elementor-section-height-default elementor-section-height-default\" data-id=\"25996d9\" data-element_type=\"section\" data-e-type=\"section\">\n\t\t\t\t\t\t<div class=\"elementor-container elementor-column-gap-default\">\n\t\t\t\t\t<div class=\"elementor-column elementor-col-50 elementor-top-column elementor-element elementor-element-652c728\" data-id=\"652c728\" data-element_type=\"column\" data-e-type=\"column\">\n\t\t\t<div class=\"elementor-widget-wrap elementor-element-populated\">\n\t\t\t\t\t\t<div class=\"elementor-element elementor-element-c59880c elementor-widget elementor-widget-heading\" data-id=\"c59880c\" data-element_type=\"widget\" data-e-type=\"widget\" data-widget_type=\"heading.default\">\n\t\t\t\t<div class=\"elementor-widget-container\">\n\t\t\t\t\t<h2 class=\"elementor-heading-title elementor-size-default\">Frihed under ansvar<\/h2>\t\t\t\t<\/div>\n\t\t\t\t<\/div>\n\t\t\t\t<div class=\"elementor-element elementor-element-4c7de33 elementor-widget elementor-widget-text-editor\" data-id=\"4c7de33\" data-element_type=\"widget\" data-e-type=\"widget\" data-widget_type=\"text-editor.default\">\n\t\t\t\t<div class=\"elementor-widget-container\">\n\t\t\t\t\t\t\t\t\t<p>Skovhuset er ikke en campingplads, hvilket ogs\u00e5 kan ses p\u00e5 priserne, men en ide om at skabe rammerne og se hvad det kan udvikle sig til.\u00a0<\/p><p>Vi h\u00e5ber vores g\u00e6ster vil respektere de f\u00e5 regler der er og nyde at det er muligt, at have et sted som Skovhuset.<\/p>\t\t\t\t\t\t\t\t<\/div>\n\t\t\t\t<\/div>\n\t\t\t\t\t<\/div>\n\t\t<\/div>\n\t\t\t\t<div class=\"elementor-column elementor-col-50 elementor-top-column elementor-element elementor-element-fdd3db7\" data-id=\"fdd3db7\" data-element_type=\"column\" data-e-type=\"column\">\n\t\t\t<div class=\"elementor-widget-wrap elementor-element-populated\">\n\t\t\t\t\t\t<div class=\"elementor-element elementor-element-5fcf480 elementor-widget elementor-widget-heading\" data-id=\"5fcf480\" data-element_type=\"widget\" data-e-type=\"widget\" data-widget_type=\"heading.default\">\n\t\t\t\t<div class=\"elementor-widget-container\">\n\t\t\t\t\t<h2 class=\"elementor-heading-title elementor-size-default\">Hvem st\u00e5r bag?<\/h2>\t\t\t\t<\/div>\n\t\t\t\t<\/div>\n\t\t\t\t<div class=\"elementor-element elementor-element-34d47e4 elementor-widget elementor-widget-text-editor\" data-id=\"34d47e4\" data-element_type=\"widget\" data-e-type=\"widget\" data-widget_type=\"text-editor.default\">\n\t\t\t\t<div class=\"elementor-widget-container\">\n\t\t\t\t\t\t\t\t\t<p>Skovhuset er ejet af &#8220;Forening Skovhuset&#8221;, og har en st\u00f8rrelse p\u00e5 10 hektar jord med gran- og l\u00f8vskov.\u00a0 Skovhuset er et sted, hvor man kan leje sig ind i de to huse, med adgang til k\u00f8kken, toiletter og badefaciliteter.<\/p><p>Det omfatter 3 bygninger, hvor der er plads til 50 personer. Husene udlejes til alle typer af arrangementer, lige fra skoleklassen der vil ud i naturen, og til den runde dag eller konfirmationen m.m.<\/p><p>Husene er omgivet af store gr\u00e6sarealer og blandet gran og l\u00f8vskove, hvor man kan sl\u00e5 sit telt op, campere i f.eks. tagtelte m.m.<br \/><br \/><\/p><p>Udearealer kan ogs\u00e5 udlejes s\u00e6rskilt til f.eks. hundetr\u00e6ning m.m<br \/><br \/><\/p><p>Der er ogs\u00e5 mulighed for at leje en stor Shelters, hvor der er b\u00e5lplads omkring. Der er mulighed for at oplade mobil ved Shelters og der er lys i Shelters ved hj\u00e6lp fra solcelle<br \/><br \/><\/p>\t\t\t\t\t\t\t\t<\/div>\n\t\t\t\t<\/div>\n\t\t\t\t\t<\/div>\n\t\t<\/div>\n\t\t\t\t\t<\/div>\n\t\t<\/section>\n\t\t\t\t<section class=\"elementor-section elementor-top-section elementor-element elementor-element-c2cf3df elementor-section-boxed elementor-section-height-default elementor-section-height-default\" data-id=\"c2cf3df\" data-element_type=\"section\" data-e-type=\"section\">\n\t\t\t\t\t\t<div class=\"elementor-container elementor-column-gap-default\">\n\t\t\t\t\t<div class=\"elementor-column elementor-col-100 elementor-top-column elementor-element elementor-element-8480134\" data-id=\"8480134\" data-element_type=\"column\" data-e-type=\"column\">\n\t\t\t<div class=\"elementor-widget-wrap elementor-element-populated\">\n\t\t\t\t\t\t<div class=\"elementor-element elementor-element-3f2c72f elementor-widget elementor-widget-spacer\" data-id=\"3f2c72f\" data-element_type=\"widget\" data-e-type=\"widget\" data-widget_type=\"spacer.default\">\n\t\t\t\t<div class=\"elementor-widget-container\">\n\t\t\t\t\t\t\t<div class=\"elementor-spacer\">\n\t\t\t<div class=\"elementor-spacer-inner\"><\/div>\n\t\t<\/div>\n\t\t\t\t\t\t<\/div>\n\t\t\t\t<\/div>\n\t\t\t\t<div class=\"elementor-element elementor-element-eac755a elementor-widget-divider--view-line elementor-widget elementor-widget-divider\" data-id=\"eac755a\" data-element_type=\"widget\" data-e-type=\"widget\" data-widget_type=\"divider.default\">\n\t\t\t\t<div class=\"elementor-widget-container\">\n\t\t\t\t\t\t\t<div class=\"elementor-divider\">\n\t\t\t<span class=\"elementor-divider-separator\">\n\t\t\t\t\t\t<\/span>\n\t\t<\/div>\n\t\t\t\t\t\t<\/div>\n\t\t\t\t<\/div>\n\t\t\t\t\t<\/div>\n\t\t<\/div>\n\t\t\t\t\t<\/div>\n\t\t<\/section>\n\t\t\t\t<section class=\"elementor-section elementor-top-section elementor-element elementor-element-f5854ef elementor-section-boxed elementor-section-height-default elementor-section-height-default\" data-id=\"f5854ef\" data-element_type=\"section\" data-e-type=\"section\">\n\t\t\t\t\t\t<div class=\"elementor-container elementor-column-gap-default\">\n\t\t\t\t\t<div class=\"elementor-column elementor-col-100 elementor-top-column elementor-element elementor-element-56a48d4\" data-id=\"56a48d4\" data-element_type=\"column\" data-e-type=\"column\">\n\t\t\t<div class=\"elementor-widget-wrap elementor-element-populated\">\n\t\t\t\t\t\t<div class=\"elementor-element elementor-element-b40eba4 elementor-widget elementor-widget-heading\" data-id=\"b40eba4\" data-element_type=\"widget\" data-e-type=\"widget\" data-widget_type=\"heading.default\">\n\t\t\t\t<div class=\"elementor-widget-container\">\n\t\t\t\t\t<h2 class=\"elementor-heading-title elementor-size-default\">Skovhusets udend\u00f8rs arealer og indend\u00f8rs<\/h2>\t\t\t\t<\/div>\n\t\t\t\t<\/div>\n\t\t\t\t\t<\/div>\n\t\t<\/div>\n\t\t\t\t\t<\/div>\n\t\t<\/section>\n\t\t\t\t<section class=\"elementor-section elementor-top-section elementor-element elementor-element-1d52c95 elementor-section-boxed elementor-section-height-default elementor-section-height-default\" data-id=\"1d52c95\" data-element_type=\"section\" data-e-type=\"section\">\n\t\t\t\t\t\t<div class=\"elementor-container elementor-column-gap-default\">\n\t\t\t\t\t<div class=\"elementor-column elementor-col-100 elementor-top-column elementor-element elementor-element-414eadb\" data-id=\"414eadb\" data-element_type=\"column\" data-e-type=\"column\">\n\t\t\t<div class=\"elementor-widget-wrap elementor-element-populated\">\n\t\t\t\t\t\t<div class=\"elementor-element elementor-element-b4e249d elementor-widget elementor-widget-wp-widget-ngg-images\" data-id=\"b4e249d\" data-element_type=\"widget\" data-e-type=\"widget\" data-widget_type=\"wp-widget-ngg-images.default\">\n\t\t\t\t<div class=\"elementor-widget-container\">\n\t\t\t\t\t<div class=\"hslice\" id=\"ngg-webslice\"><h5>&nbsp;<\/h5><div class=\"ngg-widget entry-content\">\n\t\t\t<a href=\"https:\/\/bjerrevej100.dk\/wp-content\/gallery\/skovhuset-2022\/1.jpg?t=1655563113\"\n\t\t\ttitle=\" \"\n\t\t\tdata-image-id='94'\n\t\t\t\t\t\t\t\t\t\t\t\t\t\t\tclass=\"ngg-simplelightbox\" rel=\"395e27312bfd0ce882ed3bab06de6da5\"\t\t\t><img title=\"1\"\n\t\t\t\talt=\"1\"\n\t\t\t\tsrc=\"https:\/\/bjerrevej100.dk\/wp-content\/gallery\/skovhuset-2022\/thumbs\/thumbs_1.jpg?t=1655563113\"\n\t\t\t\twidth=\"250\"\n\t\t\t\theight=\"75\"\n\t\t\t\/><\/a>\n\t\t\t<a href=\"https:\/\/bjerrevej100.dk\/wp-content\/gallery\/skovhuset-2022\/12.jpg?t=1655563113\"\n\t\t\ttitle=\" \"\n\t\t\tdata-image-id='95'\n\t\t\t\t\t\t\t\t\t\t\t\t\t\t\tclass=\"ngg-simplelightbox\" rel=\"395e27312bfd0ce882ed3bab06de6da5\"\t\t\t><img title=\"12\"\n\t\t\t\talt=\"12\"\n\t\t\t\tsrc=\"https:\/\/bjerrevej100.dk\/wp-content\/gallery\/skovhuset-2022\/thumbs\/thumbs_12.jpg?t=1655563113\"\n\t\t\t\twidth=\"250\"\n\t\t\t\theight=\"75\"\n\t\t\t\/><\/a>\n\t\t\t<a href=\"https:\/\/bjerrevej100.dk\/wp-content\/gallery\/skovhuset-2022\/14.jpg?t=1655563114\"\n\t\t\ttitle=\" \"\n\t\t\tdata-image-id='96'\n\t\t\t\t\t\t\t\t\t\t\t\t\t\t\tclass=\"ngg-simplelightbox\" rel=\"395e27312bfd0ce882ed3bab06de6da5\"\t\t\t><img title=\"14\"\n\t\t\t\talt=\"14\"\n\t\t\t\tsrc=\"https:\/\/bjerrevej100.dk\/wp-content\/gallery\/skovhuset-2022\/thumbs\/thumbs_14.jpg?t=1655563114\"\n\t\t\t\twidth=\"250\"\n\t\t\t\theight=\"75\"\n\t\t\t\/><\/a>\n\t\t\t<a href=\"https:\/\/bjerrevej100.dk\/wp-content\/gallery\/skovhuset-2022\/13.jpg?t=1655563114\"\n\t\t\ttitle=\" \"\n\t\t\tdata-image-id='97'\n\t\t\t\t\t\t\t\t\t\t\t\t\t\t\tclass=\"ngg-simplelightbox\" rel=\"395e27312bfd0ce882ed3bab06de6da5\"\t\t\t><img title=\"13\"\n\t\t\t\talt=\"13\"\n\t\t\t\tsrc=\"https:\/\/bjerrevej100.dk\/wp-content\/gallery\/skovhuset-2022\/thumbs\/thumbs_13.jpg?t=1655563114\"\n\t\t\t\twidth=\"250\"\n\t\t\t\theight=\"75\"\n\t\t\t\/><\/a>\n\t\t\t<a href=\"https:\/\/bjerrevej100.dk\/wp-content\/gallery\/skovhuset-2022\/2.jpg?t=1655563113\"\n\t\t\ttitle=\" \"\n\t\t\tdata-image-id='98'\n\t\t\t\t\t\t\t\t\t\t\t\t\t\t\tclass=\"ngg-simplelightbox\" rel=\"395e27312bfd0ce882ed3bab06de6da5\"\t\t\t><img title=\"2\"\n\t\t\t\talt=\"2\"\n\t\t\t\tsrc=\"https:\/\/bjerrevej100.dk\/wp-content\/gallery\/skovhuset-2022\/thumbs\/thumbs_2.jpg?t=1655563113\"\n\t\t\t\twidth=\"250\"\n\t\t\t\theight=\"75\"\n\t\t\t\/><\/a>\n\t\t\t<a href=\"https:\/\/bjerrevej100.dk\/wp-content\/gallery\/skovhuset-2022\/11.jpg?t=1655563114\"\n\t\t\ttitle=\" \"\n\t\t\tdata-image-id='99'\n\t\t\t\t\t\t\t\t\t\t\t\t\t\t\tclass=\"ngg-simplelightbox\" rel=\"395e27312bfd0ce882ed3bab06de6da5\"\t\t\t><img title=\"11\"\n\t\t\t\talt=\"11\"\n\t\t\t\tsrc=\"https:\/\/bjerrevej100.dk\/wp-content\/gallery\/skovhuset-2022\/thumbs\/thumbs_11.jpg?t=1655563114\"\n\t\t\t\twidth=\"250\"\n\t\t\t\theight=\"75\"\n\t\t\t\/><\/a>\n\t\t\t<a href=\"https:\/\/bjerrevej100.dk\/wp-content\/gallery\/skovhuset-2022\/4.jpg?t=1655563115\"\n\t\t\ttitle=\" \"\n\t\t\tdata-image-id='100'\n\t\t\t\t\t\t\t\t\t\t\t\t\t\t\tclass=\"ngg-simplelightbox\" rel=\"395e27312bfd0ce882ed3bab06de6da5\"\t\t\t><img title=\"4\"\n\t\t\t\talt=\"4\"\n\t\t\t\tsrc=\"https:\/\/bjerrevej100.dk\/wp-content\/gallery\/skovhuset-2022\/thumbs\/thumbs_4.jpg?t=1655563115\"\n\t\t\t\twidth=\"250\"\n\t\t\t\theight=\"75\"\n\t\t\t\/><\/a>\n\t\t\t<a href=\"https:\/\/bjerrevej100.dk\/wp-content\/gallery\/skovhuset-2022\/3.jpg?t=1655563115\"\n\t\t\ttitle=\" \"\n\t\t\tdata-image-id='101'\n\t\t\t\t\t\t\t\t\t\t\t\t\t\t\tclass=\"ngg-simplelightbox\" rel=\"395e27312bfd0ce882ed3bab06de6da5\"\t\t\t><img title=\"3\"\n\t\t\t\talt=\"3\"\n\t\t\t\tsrc=\"https:\/\/bjerrevej100.dk\/wp-content\/gallery\/skovhuset-2022\/thumbs\/thumbs_3.jpg?t=1655563115\"\n\t\t\t\twidth=\"250\"\n\t\t\t\theight=\"75\"\n\t\t\t\/><\/a>\n\t\t\t<a href=\"https:\/\/bjerrevej100.dk\/wp-content\/gallery\/skovhuset-2022\/5.jpg?t=1655563115\"\n\t\t\ttitle=\" \"\n\t\t\tdata-image-id='102'\n\t\t\t\t\t\t\t\t\t\t\t\t\t\t\tclass=\"ngg-simplelightbox\" rel=\"395e27312bfd0ce882ed3bab06de6da5\"\t\t\t><img title=\"5\"\n\t\t\t\talt=\"5\"\n\t\t\t\tsrc=\"https:\/\/bjerrevej100.dk\/wp-content\/gallery\/skovhuset-2022\/thumbs\/thumbs_5.jpg?t=1655563115\"\n\t\t\t\twidth=\"250\"\n\t\t\t\theight=\"75\"\n\t\t\t\/><\/a>\n\t\t\t<a href=\"https:\/\/bjerrevej100.dk\/wp-content\/gallery\/skovhuset-2022\/6.jpg?t=1655563116\"\n\t\t\ttitle=\" \"\n\t\t\tdata-image-id='103'\n\t\t\t\t\t\t\t\t\t\t\t\t\t\t\tclass=\"ngg-simplelightbox\" rel=\"395e27312bfd0ce882ed3bab06de6da5\"\t\t\t><img title=\"6\"\n\t\t\t\talt=\"6\"\n\t\t\t\tsrc=\"https:\/\/bjerrevej100.dk\/wp-content\/gallery\/skovhuset-2022\/thumbs\/thumbs_6.jpg?t=1655563116\"\n\t\t\t\twidth=\"250\"\n\t\t\t\theight=\"75\"\n\t\t\t\/><\/a>\n\t\t\t<a href=\"https:\/\/bjerrevej100.dk\/wp-content\/gallery\/skovhuset-2022\/7.jpg?t=1655563116\"\n\t\t\ttitle=\" \"\n\t\t\tdata-image-id='104'\n\t\t\t\t\t\t\t\t\t\t\t\t\t\t\tclass=\"ngg-simplelightbox\" rel=\"395e27312bfd0ce882ed3bab06de6da5\"\t\t\t><img title=\"7\"\n\t\t\t\talt=\"7\"\n\t\t\t\tsrc=\"https:\/\/bjerrevej100.dk\/wp-content\/gallery\/skovhuset-2022\/thumbs\/thumbs_7.jpg?t=1655563116\"\n\t\t\t\twidth=\"250\"\n\t\t\t\theight=\"75\"\n\t\t\t\/><\/a>\n\t\t\t<a href=\"https:\/\/bjerrevej100.dk\/wp-content\/gallery\/skovhuset-2022\/8.jpg?t=1655563116\"\n\t\t\ttitle=\" \"\n\t\t\tdata-image-id='105'\n\t\t\t\t\t\t\t\t\t\t\t\t\t\t\tclass=\"ngg-simplelightbox\" rel=\"395e27312bfd0ce882ed3bab06de6da5\"\t\t\t><img title=\"8\"\n\t\t\t\talt=\"8\"\n\t\t\t\tsrc=\"https:\/\/bjerrevej100.dk\/wp-content\/gallery\/skovhuset-2022\/thumbs\/thumbs_8.jpg?t=1655563116\"\n\t\t\t\twidth=\"250\"\n\t\t\t\theight=\"75\"\n\t\t\t\/><\/a>\n\t\t\t<a href=\"https:\/\/bjerrevej100.dk\/wp-content\/gallery\/skovhuset-2022\/9.jpg?t=1655563116\"\n\t\t\ttitle=\" \"\n\t\t\tdata-image-id='106'\n\t\t\t\t\t\t\t\t\t\t\t\t\t\t\tclass=\"ngg-simplelightbox\" rel=\"395e27312bfd0ce882ed3bab06de6da5\"\t\t\t><img title=\"9\"\n\t\t\t\talt=\"9\"\n\t\t\t\tsrc=\"https:\/\/bjerrevej100.dk\/wp-content\/gallery\/skovhuset-2022\/thumbs\/thumbs_9.jpg?t=1655563116\"\n\t\t\t\twidth=\"250\"\n\t\t\t\theight=\"75\"\n\t\t\t\/><\/a>\n\t\t\t<a href=\"https:\/\/bjerrevej100.dk\/wp-content\/gallery\/skovhuset-2022\/10.jpg?t=1655563117\"\n\t\t\ttitle=\" \"\n\t\t\tdata-image-id='107'\n\t\t\t\t\t\t\t\t\t\t\t\t\t\t\tclass=\"ngg-simplelightbox\" rel=\"395e27312bfd0ce882ed3bab06de6da5\"\t\t\t><img title=\"10\"\n\t\t\t\talt=\"10\"\n\t\t\t\tsrc=\"https:\/\/bjerrevej100.dk\/wp-content\/gallery\/skovhuset-2022\/thumbs\/thumbs_10.jpg?t=1655563117\"\n\t\t\t\twidth=\"250\"\n\t\t\t\theight=\"75\"\n\t\t\t\/><\/a>\n\t<\/div>\n\n<\/div>\t\t\t\t<\/div>\n\t\t\t\t<\/div>\n\t\t\t\t\t<\/div>\n\t\t<\/div>\n\t\t\t\t\t<\/div>\n\t\t<\/section>\n\t\t\t\t<\/div>\n\t\t","protected":false},"excerpt":{"rendered":"<p>HVAD ER SKOVHUSET? ET F\u00c6LLESSKAB Skovhuset henvender sig til alle, som elsker naturen og udelivet. Der er f\u00e5 steder i Danmark, hvor det er muligt at sove i f.eks. tagtelt, &hellip;<\/p>\n<p class=\"read-more\"> <a class=\"\" href=\"https:\/\/bjerrevej100.dk\/index.php\/omskovhuset\/\"> <span class=\"screen-reader-text\">Om Skovhuset<\/span> L\u00e6s mere &raquo;<\/a><\/p>\n","protected":false},"author":1,"featured_media":0,"parent":0,"menu_order":0,"comment_status":"closed","ping_status":"closed","template":"","meta":{"site-sidebar-layout":"no-sidebar","site-content-layout":"page-builder","ast-global-header-display":"","ast-main-header-display":"","ast-hfb-above-header-display":"","ast-hfb-below-header-display":"","ast-hfb-mobile-header-display":"","site-post-title":"disabled","ast-breadcrumbs-content":"","ast-featured-img":"disabled","footer-sml-layout":"","theme-transparent-header-meta":"enabled","adv-header-id-meta":"","stick-header-meta":"","header-above-stick-meta":"","header-main-stick-meta":"","header-below-stick-meta":"","ngg_post_thumbnail":0,"footnotes":""},"class_list":["post-1374","page","type-page","status-publish","hentry"],"aioseo_notices":[],"_links":{"self":[{"href":"https:\/\/bjerrevej100.dk\/index.php\/wp-json\/wp\/v2\/pages\/1374","targetHints":{"allow":["GET"]}}],"collection":[{"href":"https:\/\/bjerrevej100.dk\/index.php\/wp-json\/wp\/v2\/pages"}],"about":[{"href":"https:\/\/bjerrevej100.dk\/index.php\/wp-json\/wp\/v2\/types\/page"}],"author":[{"embeddable":true,"href":"https:\/\/bjerrevej100.dk\/index.php\/wp-json\/wp\/v2\/users\/1"}],"replies":[{"embeddable":true,"href":"https:\/\/bjerrevej100.dk\/index.php\/wp-json\/wp\/v2\/comments?post=1374"}],"version-history":[{"count":38,"href":"https:\/\/bjerrevej100.dk\/index.php\/wp-json\/wp\/v2\/pages\/1374\/revisions"}],"predecessor-version":[{"id":2040,"href":"https:\/\/bjerrevej100.dk\/index.php\/wp-json\/wp\/v2\/pages\/1374\/revisions\/2040"}],"wp:attachment":[{"href":"https:\/\/bjerrevej100.dk\/index.php\/wp-json\/wp\/v2\/media?parent=1374"}],"curies":[{"name":"wp","href":"https:\/\/api.w.org\/{rel}","templated":true}]}}